{"id":147,"date":"2016-06-18T02:03:07","date_gmt":"2016-06-17T23:03:07","guid":{"rendered":"http:\/\/demo.safirtema.com\/yakamoz\/?page_id=147"},"modified":"2017-01-16T21:20:53","modified_gmt":"2017-01-16T19:20:53","slug":"sikca-sorulan-sorular","status":"publish","type":"page","link":"https:\/\/erguneylerhaliyikama.com\/index.php\/sikca-sorulan-sorular\/","title":{"rendered":"S\u0131k\u00e7a Sorulan Sorular"},"content":{"rendered":"<h3><strong>Hal\u0131m\u0131 neden temizlemem\/temizletmem gerekir?<\/strong><\/h3>\n<p>D\u0131\u015f mekandan gelen tozlar, kir kal\u0131nt\u0131lar\u0131, yiyecek, i\u00e7ecek d\u00f6k\u00fcnt\u00fcleri, bakteriler, u\u00e7ucu organik bile\u015fikler ve ba\u015fka bir\u00e7ok kirletici madde zamanla hal\u0131n\u0131z\u0131n liflerine i\u015flemektedir.<br \/>\nBasitle\u015ftirecek olursak, hal\u0131n\u0131n y\u0131kanmas\u0131 bir lavabo gibi i\u015flev g\u00f6r\u00fcr. Yukar\u0131da belirtilen kirletici maddelerin tamam\u0131n\u0131 toplar ve filtre eder.<br \/>\nBu, toplama ve filtre etme i\u015flemi nefes ald\u0131\u011f\u0131n\u0131z havay\u0131 temizler ve daha sa\u011fl\u0131kl\u0131 bir ortam olu\u015fmas\u0131n\u0131 sa\u011flar.<\/p>\n<h3><strong>Hal\u0131m\u0131 ne s\u0131kl\u0131kta temizletmem gerekir?<\/strong><\/h3>\n<p>Hal\u0131bir, daha seyrek kullan\u0131la\u00a0y\u0131kama s\u0131kl\u0131\u011f\u0131, ev sakinlerinin say\u0131s\u0131na ve kullan\u0131m d\u00fczeyine ba\u011fl\u0131 olarak evden eve farkl\u0131l\u0131k g\u00f6sterecektir. Fazla kullan\u0131lan odalarda 3-6 ayda\u00a0n odalarda ise 9-12 ayda bir temizletmeniz gerekir. E\u011fer \u00e7ocu\u011funuz veya ev hayvan\u0131n\u0131z varsa, b\u00fct\u00fcn ev hal\u0131lar\u0131n\u0131 en az y\u0131lda 2 defa komple temizletmeniz gerekir.<\/p>\n<h3><strong>Hal\u0131 \u00fczerine kazara s\u0131v\u0131 d\u00f6k\u00fcld\u00fc, kurumas\u0131n\u0131 nas\u0131l h\u0131zland\u0131rabilirim?<\/strong><\/h3>\n<p>Hal\u0131n\u0131n kurumas\u0131; evin nemine, s\u0131cakl\u0131\u011f\u0131na ve elyaf\u0131n yo\u011funlu\u011funa ba\u011fl\u0131d\u0131r. Kuruma s\u00fcrecini h\u0131zland\u0131rmak i\u00e7in, fanlardan yararlanabilir, pencereleri 5-6 santim a\u00e7\u0131k b\u0131rakabilir, \u0131s\u0131t\u0131c\u0131y\u0131 a\u00e7abilir (70-72 derece) ve daha s\u0131cak havalarda klimay\u0131 a\u00e7\u0131k b\u0131rakabilirsiniz.<br \/>\nNemli hal\u0131dan sert zemine ge\u00e7erken \u00f6zellikle dikkat edin. Sert zeminler kaygan olacakt\u0131r. Tamamen kuruyuncaya kadar hal\u0131 \u00fczerinde m\u00fcmk\u00fcn oldu\u011fu kadar az gezinilmesi sa\u011flamaya \u00e7al\u0131\u015f\u0131n. Kuruma s\u00fcrecinde varsa ev hayvanlar\u0131n\u0131 hal\u0131 \u00fczerinde gezdirmemeye gayret g\u00f6sterin.<\/p>\n<h3><strong>A\u011f\u0131r mobilyalardan ve keskin cisimlerden kaynaklanan \u00e7ukur izleri giderilebilir mi?<\/strong><\/h3>\n<p>Bu tarz \u00e7ukurla\u015fmalar\u0131n ortadan kald\u0131r\u0131lmas\u0131 i\u00e7in garanti verilemez.<br \/>\nBu duruma \u0131s\u0131, nem ve hal\u0131lar\u0131n belli ara\u00e7larla elle temizlenmesi katk\u0131da bulunabilir. Hal\u0131 y\u0131kama i\u015flemi sorunun \u00e7\u00f6z\u00fcm\u00fcne katk\u0131 sa\u011flayabilir,<br \/>\nyine de hal\u0131n\u0131n eski haline d\u00f6nmesi zaman alabilir.<br \/>\nCiddi durumlarda b\u00f6yle hasarlar kal\u0131c\u0131 olabilir.<\/p>\n<h3><strong>Hal\u0131lar\u0131n temizlenmesi sa\u011fl\u0131k, alerji konular\u0131nda faydal\u0131 olur mu?<\/strong><\/h3>\n<p>Evet; hal\u0131n\u0131z\u0131, d\u00f6\u015femelerinizi d\u00fczenli ve bilin\u00e7li temizletmeniz bir\u00e7ok alerji yap\u0131c\u0131 maddeleri ve di\u011fer kirleticileri ortadan kald\u0131racak ve daha iyi nefes alman\u0131z\u0131 sa\u011flayacakt\u0131r. Uygun \u015fekilde temizlenmeyen ve bak\u0131m\u0131 yap\u0131lmayan hal\u0131lar ve kuma\u015flar bina i\u00e7inde ve ev ortam\u0131nda \u00e7e\u015fitli sa\u011fl\u0131k sorunlar\u0131 yaratma potansiyeline sahiplerdir.<\/p>\n<h3><strong>Hal\u0131m eski, de\u011fi\u015ftirmem mi gerekiyor?<\/strong><\/h3>\n<p>G\u00fcn\u00fcm\u00fczde hal\u0131n\u0131n de\u011fi\u015ftirilmesi olduk\u00e7a maliyetli oldu\u011fu i\u00e7in, en iyisi kullan\u0131lan hal\u0131, kilim gibi e\u015fyalar\u0131 \u00f6ncelikle profesyonel hal\u0131 y\u0131kama firmalar\u0131na temizletmektir. Bu, daha az maliyetlidir ve farkl\u0131l\u0131k yaratabilir.<\/p>\n<h3><strong>Hal\u0131 y\u0131kama i\u015fleminden sonra hal\u0131lar \u00e7abuk kirlenir mi?<\/strong><\/h3>\n<p>Baz\u0131 ev sahipleri, hal\u0131 temizleme i\u015fleminden sonra hal\u0131n\u0131n daha \u00e7abuk kirlenece\u011fi konusunda kayg\u0131 duyduklar\u0131n\u0131 ifade etmi\u015flerdir. Bu kayg\u0131, bir\u00e7ok temizleme \u015firketinin temizlik i\u015flemini uygun olmayan \u015fekilde ger\u00e7ekle\u015ftirmesinden kaynaklanmaktad\u0131r. Bu \u015firketlerin \u00e7o\u011fu, masraftan ka\u00e7mak ve zamandan tasarruf etmek i\u00e7in en ucuz temizlik s\u0131v\u0131lar\u0131n\u0131 kullanmakta, \u00e7al\u0131\u015fanlar\u0131na do\u011fru d\u00fcr\u00fcst e\u011fitim vermemekte ve deterjan kal\u0131nt\u0131s\u0131n\u0131 gidermek i\u00e7in ayr\u0131 bir durulama i\u015flemi ger\u00e7ekle\u015ftirmemektedir. E\u011fer hal\u0131 y\u0131kama ve hal\u0131 bak\u0131m\u0131 bilin\u00e7li bir \u015fekilde yap\u0131lmaz ve hal\u0131da deterjan b\u0131rak\u0131l\u0131rsa, yeniden kirlenme s\u00fcreci h\u0131zlanacakt\u0131r.<\/p>\n<h3><strong>Hal\u0131lar\u0131 toplarken nelere dikkat etmem gerekir?<\/strong><\/h3>\n<p>Temizlenecek olan alanlardaki k\u0131r\u0131labilecek e\u015fyalar\u0131 g\u00fcvenli bir yere ta\u015f\u0131mal\u0131s\u0131n\u0131z. Masalardaki resimler, lambalar, hat\u0131ra e\u015fyalar\u0131 vs. kald\u0131r\u0131lmal\u0131d\u0131r. Hal\u0131lar, sar\u0131l\u0131p rulo hale getirilirken hal\u0131n\u0131n \u00fcst y\u00fczeyi i\u00e7 k\u0131s\u0131mda kalmal\u0131d\u0131r.<\/p>\n<h3><strong>Hal\u0131 y\u0131kaman\u0131n katk\u0131lar\u0131 nelerdir?<\/strong><\/h3>\n<p>Hal\u0131lar\u0131n temiz olmas\u0131, her ev sahibi i\u00e7in \u00f6v\u00fcn\u00e7 kayna\u011f\u0131d\u0131r. \u00d6zellikle misafirlerin kirli hal\u0131larla kar\u015f\u0131la\u015fmas\u0131 istenmedi\u011finden dolay\u0131, hal\u0131 y\u0131kama bir\u00e7ok kad\u0131n\u0131n vazge\u00e7ilmez hizmetleri aras\u0131nda yer almaktad\u0131r.<\/p>\n<p>M\u00fc\u015fteri memnuniyetinin \u00f6nemli oldu\u011fu i\u015f yerlerinde de, hal\u0131lar\u0131n kirli olmas\u0131 telafi edilemeyecek bir durumdur. Kirlenmi\u015f hal\u0131lar, m\u00fc\u015fterilerde olumsuz bir izlenim b\u0131rak\u0131r. Bu y\u00fczden, \u00e7al\u0131\u015fma alan\u0131ndaki hal\u0131lar, 3 ya da 6 ayda bir hal\u0131 y\u0131kama profesyonelleri taraf\u0131ndan y\u0131kanmal\u0131d\u0131rlar.<\/p>\n<p><strong>Hal\u0131 hangi s\u0131kl\u0131kta y\u0131kat\u0131lmal\u0131d\u0131r?<\/strong><\/p>\n<p>Hal\u0131lar g\u00f6r\u00fcnt\u00fcde temiz g\u00f6z\u00fckseler bile zamanla bakteri, mayt ve mantar bar\u0131nd\u0131rmaktad\u0131r. Bilinenin aksine hal\u0131 y\u0131lda en az iki kere muhakkak profesyonel hal\u0131 y\u0131kama firmalar\u0131nda y\u0131kat\u0131lmal\u0131d\u0131r. Sa\u011fl\u0131\u011f\u0131n\u0131z i\u00e7in Atlas Hal\u0131 Y\u0131kama olarak hal\u0131lar\u0131n\u0131z\u0131 y\u0131lda en az iki kere y\u0131katman\u0131z\u0131 tavsiye ediyoruz.<\/p>\n<p>Hal\u0131 y\u0131kama firmalar\u0131nda,\u00a0y\u0131kama i\u015fleminin hemen ard\u0131ndan hal\u0131daki fazla su at\u0131l\u0131m\u0131n\u0131 sa\u011flayan makineler oldu\u011fundan hal\u0131 \u0131slak kalmam\u0131\u015f olur ve dolay\u0131s\u0131yla bakteri olu\u015fumu en aza indirilmi\u015f olur. Kendi bah\u00e7esinde hal\u0131 y\u0131kama i\u015flemi yapanlar veya yeterince ekipmana sahip olmayan merdiven alt\u0131 kurulu\u015flarda hal\u0131 \u0131slak kald\u0131\u011f\u0131ndan bakteri olu\u015fumuna neden olmaktad\u0131r. Bu yeti\u015fkinlere zarar vermekle beraber \u00e7ocu\u011fu olan ailelerde daha b\u00fcy\u00fck bir sorun olmaktad\u0131r.<\/p>\n<p><strong>Hal\u0131 y\u0131kama firmlar\u0131 se\u00e7erken nelere dikkat edilmelidir?<\/strong><\/p>\n<p>Hak\u0131 y\u0131kama firmas\u0131 se\u00e7erken dikkat edilmesi gereken\u00a0bir \u00e7ok husus vard\u0131r. Hal\u0131 y\u0131kama firmas\u0131nda \u00f6ncelikle muhakkak kaliteli otomatik hal\u0131 y\u0131kama makinesi olmas\u0131 gerekmektedir. Bunun yan\u0131 s\u0131ra muhakkak hal\u0131n\u0131n y\u0131kanmadan \u00f6nce tozunun al\u0131nmas\u0131n\u0131 sa\u011flayan toz alma makinesinin olmas\u0131 gerekmektedir. Kullan\u0131lan \u015fampuanlarda \u00e7ok \u00f6nemlidir. Kimyasal olmamas\u0131 ve muhakkak ekolojik bir \u015fampuan kullan\u0131l\u0131yor olmas\u0131 gerekir.<\/p>\n<p>Son olarak hal\u0131n\u0131n d\u0131\u015farda, sokak kenarlar\u0131nda de\u011filde muhakkak kurutma odalar\u0131nda kullan\u0131lmas\u0131 gerekmektedir.<\/p>\n<p>Bu unsurlar\u0131n oldu\u011fu bir hal\u0131 y\u0131kama firmas\u0131 se\u00e7ilebilir.<\/p>\n<p><strong>Y\u00fcn hal\u0131 nas\u0131l y\u0131kan\u0131r?<\/strong><\/p>\n<p>Y\u00fcn hal\u0131lar de\u011ferli hal\u0131lar oldu\u011fundan dolay\u0131 y\u0131kataca\u011f\u0131m\u0131z firmay\u0131 \u00e7ok iyi se\u00e7memiz gerekmektedir. Maddiyat\u0131n\u0131n yan\u0131 s\u0131ra maneviyat\u0131 olan antik hal\u0131lar\u0131n\u0131z olabilir.<\/p>\n<p>\u00d6zellikle bu tarz hal\u0131lar\u0131n\u0131z\u0131n y\u0131kanmas\u0131nda k\u00f6t\u00fc sonu\u00e7lar almamak i\u00e7in y\u0131llard\u0131r bu i\u015fi yapan deneyimli ve gerekli ekipmanlara sahip firmalar\u0131 tercih etmeliyiz.<\/p>\n<p>Y\u00fcn hal\u0131lar ev ve bah\u00e7e ortam\u0131nda y\u0131kanmamaktad\u0131r. \u00c7\u00fcnk\u00fc y\u0131kanan hal\u0131n\u0131n fazla suyu h\u0131zl\u0131 bir bi\u00e7imde at\u0131lmazsa, hal\u0131 k\u00f6k boya oldu\u011fundan dolay\u0131 renk verecektir ve malesef bozulmu\u015f olacakt\u0131r. Bu \u015fekilde renk vermi\u015f hal\u0131lar\u0131n\u0131z varsa <strong>Ekol\u00a0Hal\u0131 Y\u0131kama b\u00fcnyesinde bu hal\u0131lar\u0131n renkleri d\u00fczeltilebilmekte\u00a0<\/strong>eski haline getirilebilmektedir.<\/p>\n<p><strong>\u015eekli bozulan hal\u0131 d\u00fczeltilir mi?<\/strong><\/p>\n<p>\u015eekli bozulan t\u00fcm hal\u0131lar\u0131 uygulanan profesyonel y\u00f6ntemlerle eski haline getirilebilmektedir. Hal\u0131n\u0131n bozulmas\u0131ndaki en b\u00fcy\u00fck sebep dokuma tezgahlar\u0131nda kullan\u0131lan malzemelerin kalitesinin d\u00fc\u015f\u00fckl\u00fc\u011f\u00fcd\u00fcr. Hal\u0131n\u0131n bozulmas\u0131 denince en s\u0131k rastlanan problem zamanla sa\u00e7aklar\u0131n kopmas\u0131 yada hal\u0131n\u0131n renk vermesidir. Bu tip sorunlar genelde el dokumas\u0131 tabir edilen hal\u0131larda ya\u015fanmaktad\u0131r. Bizim gibi profesyonel firmalar\u0131nda\u00a0her t\u00fcrl\u00fc tamir ve tadilat yap\u0131labilmektedir.<\/p>\n<p><strong>\u0130yi bir el dokumas\u0131 hal\u0131n\u0131n \u00f6zellikleri nelerdir?<\/strong><\/p>\n<p>El dokumas\u0131n\u0131n\u00a0pek \u00e7ok \u00e7e\u015fidi bulunmaktad\u0131r. Bunlar\u0131n malzemelerinde de\u011fi\u015fiklikler olmaktad\u0131r. Y\u00fcn olanlar, pamuk olanlar ve ipek olanlar vard\u0131r. \u0130yi bir el hal\u0131s\u0131n\u0131n hangisi oldu\u011funu anlamak \u00e7ok zordur .Baz\u0131 kriterlere dikkat etmek gerekmektedir. Malzemesinin kaliteli olmas\u0131 laz\u0131md\u0131r. Malzeme y\u00fcnse en g\u00fczel y\u00fcn, e\u011fer ipekse bursa koza ipe\u011fi \u00e7ok iyidir d\u00fcnya \u00e7ap\u0131ndad\u0131r. \u00c7ift d\u00fc\u011f\u00fcm olmas\u0131 yani t\u00fcrk d\u00fc\u011f\u00fcm\u00fc g\u00f6rdes d\u00fc\u011f\u00fcm\u00fcyle yap\u0131lmas\u0131 \u00f6nemlidir. K\u00f6k boya olmas\u0131 gerekmektedir. K\u00f6k boyas\u0131n\u0131n en b\u00fcy\u00fck \u00f6zelli\u011fi eskidik\u00e7e daha g\u00fczelle\u015fir. Piyasada \u00e7ok say\u0131da bulunan \u00e7in yap\u0131m\u0131 sahte y\u00fcn hal\u0131lara dikkat etmeniz gerekmektedir. Bu kopya tabir etti\u011fimiz hal\u0131lar\u0131n en b\u00fcy\u00fck \u00f6zelli\u011fi tek d\u00fc\u011f\u00fcmd\u00fcr, k\u00f6k boya kullan\u0131lmad\u0131\u011f\u0131ndan \u00e7abuk y\u0131pran\u0131r ve bozulurlar.<\/p>\n<p><strong>Hal\u0131lar\u0131m\u0131 y\u0131katt\u0131m ama hep kat izi var?<\/strong><\/p>\n<p>Bunun sebebi merdiven alt\u0131 tabir edilen hal\u0131 y\u0131kama firmalar\u0131n\u0131n kullanm\u0131\u015f olduklar\u0131 kazan tabir edilen s\u0131kma makinalar\u0131d\u0131r. Bu tip s\u0131kma makinalar\u0131nda hal\u0131lar \u00f6nce d\u00f6rde sonrada \u00fc\u00e7e katlanmaktad\u0131r. Kimi zaman as\u0131ld\u0131\u011f\u0131nda belli olmasada bazen hal\u0131daki kat izi belli olmaktad\u0131r. Bunun \u00e7\u00f6z\u00fcm\u00fc kazan yerine hal\u0131lar tek tek kurutmay\u0131 sa\u011flayan rulo tipi santrif\u00fcj kullanan hal\u0131 y\u0131kama tesislerinin tercih edilmesidir. Biz Atlas Hal\u0131 Y\u0131kama olarak tesisimizde rulo tipi santrif\u00fcj kullanmaktay\u0131z.<\/p>\n<p><strong>Hal\u0131 kurutma nas\u0131l yap\u0131l\u0131r?<\/strong><\/p>\n<p>Hal\u0131 s\u0131kma makinalar\u0131 evizinde bulunan \u00e7ama\u015f\u0131r makinalar\u0131n\u0131n biraz daha b\u00fcy\u00fc\u011f\u00fc gibidir. Hal\u0131lar rulo yap\u0131larak makinaya verilir .<br \/>\nMakina y\u00fcksek devirde d\u00f6nd\u00fc\u011f\u00fcnden hal\u0131daki suyu d\u0131\u015far\u0131 atmaktad\u0131r. Makinadan \u00e7\u0131kan hal\u0131 %98 kuru olarak \u00e7\u0131kar. Kapal\u0131 alandaki kurutma odalar\u0131na as\u0131larak kuruma ,havaland\u0131rma i\u015flemi yap\u0131l\u0131r.<\/p>\n<p><strong>Hal\u0131n\u0131n m2 si nas\u0131l hesaplan\u0131r?<\/strong><\/p>\n<p>Hal\u0131lar m2\u00a0usul\u00fc y\u0131kanmaktad\u0131r.\u00a0<strong>Bir hal\u0131n\u0131n ka\u00e7 m2\u00a0oldu\u011funu hesaplamak<\/strong>\u00a0son derece kolayd\u0131r. Hal\u0131n\u0131z\u0131n eniyle boyunu \u00f6l\u00e7\u00fcn ve \u00e7arp\u0131n.<br \/>\n<em>\u00d6rne\u011fin :<\/em><br \/>\nEni 1metre boyu 3metre olan bir hal\u0131 3*1 = 3 m2\u00a0dir.<\/p>\n<p>Periyodik olarak ekol hal\u0131 y\u0131kama firmas\u0131 taraf\u0131ndan y\u0131kamas\u0131 yap\u0131lan hal\u0131lar, sa\u011fl\u0131kl\u0131 ortamlar olu\u015fturulmas\u0131 i\u00e7in de \u00f6nemli katk\u0131da bulunur.<\/p>\n","protected":false},"excerpt":{"rendered":"<p>Hal\u0131m\u0131 neden temizlemem\/temizletmem gerekir? D\u0131\u015f mekandan gelen tozlar, kir kal\u0131nt\u0131lar\u0131, yiyecek, i\u00e7ecek d\u00f6k\u00fcnt\u00fcleri, bakteriler, u\u00e7ucu organik bile\u015fikler ve ba\u015fka bir\u00e7ok kirletici madde zamanla hal\u0131n\u0131z\u0131n liflerine i\u015flemektedir. Basitle\u015ftirecek olursak, hal\u0131n\u0131n y\u0131kanmas\u0131 bir lavabo gibi i\u015flev g\u00f6r\u00fcr. Yukar\u0131da belirtilen kirletici maddelerin tamam\u0131n\u0131 toplar ve filtre eder. Bu, toplama ve filtre etme i\u015flemi nefes ald\u0131\u011f\u0131n\u0131z havay\u0131 temizler ve [&hellip;]<\/p>\n","protected":false},"author":1,"featured_media":0,"parent":0,"menu_order":0,"comment_status":"closed","ping_status":"closed","template":"","meta":{"ngg_post_thumbnail":0},"_links":{"self":[{"href":"https:\/\/erguneylerhaliyikama.com\/index.php\/wp-json\/wp\/v2\/pages\/147"}],"collection":[{"href":"https:\/\/erguneylerhaliyikama.com\/index.php\/wp-json\/wp\/v2\/pages"}],"about":[{"href":"https:\/\/erguneylerhaliyikama.com\/index.php\/wp-json\/wp\/v2\/types\/page"}],"author":[{"embeddable":true,"href":"https:\/\/erguneylerhaliyikama.com\/index.php\/wp-json\/wp\/v2\/users\/1"}],"replies":[{"embeddable":true,"href":"https:\/\/erguneylerhaliyikama.com\/index.php\/wp-json\/wp\/v2\/comments?post=147"}],"version-history":[{"count":2,"href":"https:\/\/erguneylerhaliyikama.com\/index.php\/wp-json\/wp\/v2\/pages\/147\/revisions"}],"predecessor-version":[{"id":607,"href":"https:\/\/erguneylerhaliyikama.com\/index.php\/wp-json\/wp\/v2\/pages\/147\/revisions\/607"}],"wp:attachment":[{"href":"https:\/\/erguneylerhaliyikama.com\/index.php\/wp-json\/wp\/v2\/media?parent=147"}],"curies":[{"name":"wp","href":"https:\/\/api.w.org\/{rel}","templated":true}]}}