{"id":16,"date":"2016-06-16T12:43:11","date_gmt":"2016-06-16T09:43:11","guid":{"rendered":"http:\/\/demo.safirtema.com\/yakamoz\/?page_id=16"},"modified":"2017-01-18T00:36:09","modified_gmt":"2017-01-17T22:36:09","slug":"insan-kaynaklari","status":"publish","type":"page","link":"https:\/\/erguneylerhaliyikama.com\/index.php\/insan-kaynaklari\/","title":{"rendered":"\u0130nsan Kaynaklar\u0131"},"content":{"rendered":"\r\n\r\n\t\t\t<div class=\"descriptionbox desk mavi\">\r\n\t\t\t\t<div class=\"inner\">\r\n\t\t\t\t\t<div class=\"icon kurumsal\"><\/div>\r\n\t\t\t\t\t<div class=\"header\">\u0130nsan Kaynaklar\u0131 Form \u015eablonu<\/div>\r\n\t\t\t\t\t<div class=\"content\">Bu haz\u0131r \u015fablon sayesinde dilerseniz teman\u0131zla uyumlu bir insan kaynaklar\u0131 formunu sitenize ekleyebilirsiniz.<\/div>\r\n\t\t\t\t<\/div>\r\n\t\t\t<\/div>\r\n\r\n\t\t\n<p>[contact-form-7 id=&#8221;15&#8243; title=&#8221;\u0130nsan Kaynaklar\u0131&#8221;]<\/p>\n","protected":false},"excerpt":{"rendered":"<p>[contact-form-7 id=&#8221;15&#8243; title=&#8221;\u0130nsan Kaynaklar\u0131&#8221;]<\/p>\n","protected":false},"author":1,"featured_media":0,"parent":0,"menu_order":0,"comment_status":"closed","ping_status":"closed","template":"","meta":{"ngg_post_thumbnail":0},"_links":{"self":[{"href":"https:\/\/erguneylerhaliyikama.com\/index.php\/wp-json\/wp\/v2\/pages\/16"}],"collection":[{"href":"https:\/\/erguneylerhaliyikama.com\/index.php\/wp-json\/wp\/v2\/pages"}],"about":[{"href":"https:\/\/erguneylerhaliyikama.com\/index.php\/wp-json\/wp\/v2\/types\/page"}],"author":[{"embeddable":true,"href":"https:\/\/erguneylerhaliyikama.com\/index.php\/wp-json\/wp\/v2\/users\/1"}],"replies":[{"embeddable":true,"href":"https:\/\/erguneylerhaliyikama.com\/index.php\/wp-json\/wp\/v2\/comments?post=16"}],"version-history":[{"count":1,"href":"https:\/\/erguneylerhaliyikama.com\/index.php\/wp-json\/wp\/v2\/pages\/16\/revisions"}],"predecessor-version":[{"id":562,"href":"https:\/\/erguneylerhaliyikama.com\/index.php\/wp-json\/wp\/v2\/pages\/16\/revisions\/562"}],"wp:attachment":[{"href":"https:\/\/erguneylerhaliyikama.com\/index.php\/wp-json\/wp\/v2\/media?parent=16"}],"curies":[{"name":"wp","href":"https:\/\/api.w.org\/{rel}","templated":true}]}}